3*c + t + k = 0. Is c prime?
False
Let x(o) = -7*o - 112. Let p be x(-17). Suppose p*i = 11667 + 11566. Is i prime?
True
Let f(m) = 3*m + 78. Let n be f(-20). Suppose -9*r = -n*r + 11871. Is r composite?
False
Suppose 3*x + 1 + 14 = 0, -2*t + 7 = -3*x. Let v(l) = 171*l**2 + 7*l - 9. Is v(t) prime?
True
Suppose 13289 = 16*z - 8898 - 6789. Is z a prime number?
True
Let z(p) = 2*p**2 - 5*p - 45. Suppose -90*f - 96 = -86*f. Let c be ((-12)/f)/((-1)/32). Is z(c) a composite number?
False
Suppose 2*j = -35 + 29. Is (-12604 + -2 + 3)/j composite?
False
Suppose -2*k + t + 278 = 0, -2*t - 7 - 1 = 0. Let b = -304 + k. Let s = b - -474. Is s prime?
True
Suppose 29*i - 87073 = 42151. Let r = i - 3109. Is r a prime number?
False
Let l = 352192 - 188645. Is l a prime number?
False
Suppose x + 5*x - 96 = 0. Suppose 8*s + 0 + x = 0. Let z = s - -9. Is z composite?
False
Suppose 3*z = -q - 34443 + 424676, -q + 650391 = 5*z. Is z a prime number?
True
Suppose 0 = 3*n - 2*u + 3 + 34, -40 = 4*n + 2*u. Let l = n - -34. Let x = 564 + l. Is x composite?
False
Suppose -16*h = -15*h - 15158. Suppose -h = -20*p - 2*p. Is p composite?
True
Suppose 95500 + 3107318 = 174*s. Is s composite?
True
Let w = -49392 + 192749. Is w composite?
False
Suppose -788716 = -40*x + 442044. Is x a prime number?
False
Let r(i) = -i**3 - 14*i**2 - 10*i - 11. Let z be r(-9). Let c = -85 + 172. Let j = c - z. Is j prime?
False
Suppose -127*d - 19911865 = -162672692. Is d composite?
True
Suppose -3*s + 2*h = -150783 - 351994, 167597 = s + 4*h. Is s prime?
True
Let y(j) = -518*j - 15. Let w(x) = -518*x - 13. Let h(d) = -5*w(d) + 4*y(d). Is h(1) a prime number?
True
Suppose -160*f = -171*f + 55. Suppose 3*s = -f*x + 70232, -x + s + 0*s + 14048 = 0. Is x a prime number?
False
Suppose 57*i = 412*i - 1103695. Is i prime?
True
Suppose 52*m + 3*m = 165. Suppose -2*n + h = -7250, -7*n + m*h - 14480 = -11*n. Is n composite?
False
Let h(c) = 528*c**2 - 58*c + 1045. Is h(18) a composite number?
True
Suppose 242565090 = -23*r + 29*r + 24*r. Is r prime?
True
Let b(m) = -22*m + 93. Suppose 1119*g = 1116*g - 60. Is b(g) prime?
False
Let z = -880389 - -1858270. Is z composite?
False
Suppose -1833*r + 385240 = -1813*r. Is r a prime number?
False
Suppose j = -p + 48334, 0 = -p + 23*j - 27*j + 48325. Is p a composite number?
False
Let w(a) = 275*a - 35. Let j be w(-4). Let t = j + 2100. Is t a composite number?
True
Let d = 48 - 41. Suppose -d*h + 15057 = 2*h. Is h a prime number?
False
Let y = 26 + -25. Let k be (-1)/(y + 3/6 - 2). Suppose -k*p + 1356 = 418. Is p a prime number?
False
Let i(y) = 864*y**2 - 21*y + 45. Let q be i(5). Let a = -11234 + q. Is a prime?
False
Suppose -367*n + 421*n - 4657554 = 0. Is n a prime number?
False
Let u(q) = 2*q - 4*q - q - 39 + 6*q. Let g be u(14). Suppose 4*x - g*x = 487. Is x a composite number?
False
Suppose -11*x - 23*x + 1684157 = 7*x. Is x a composite number?
False
Suppose 194*t + 62029 = 103*t + 102*t. Is t composite?
False
Let o = 246 + -492. Let m = -157 - o. Is m prime?
True
Let k = 0 - -2. Suppose 2*z = -k*z + 300. Suppose 9*y - 813 + z = 0. Is y a prime number?
False
Suppose 2*j + 1714123 = 3*z, -3*z + 5*j = -393612 - 1320535. Is z a composite number?
False
Let s(a) = -a**3 - 2*a**2 + a + 3. Let l be s(0). Suppose -3*g = -8*g + l*i + 5767, 5743 = 5*g + 3*i. Is g prime?
True
Let g = 15 + -13. Suppose -g*u - 19 = -15. Is (0/u)/2 + 293 prime?
True
Suppose 27*v - 325529 = 760561 - 349773. Is v composite?
False
Suppose -2*t + 54 + 20 = 0. Let o = t - 33. Suppose p = -3*p + o*h + 332, -4*p - 5*h = -359. Is p prime?
False
Suppose 0 = -18*v + 30 + 186. Suppose v*u - 44601 = -13809. Is u composite?
True
Let t = -12007 + 30420. Is t composite?
False
Suppose 0*m + 758 = -m - 2*t, 0 = 5*m + 2*t + 3774. Let a = 62 + m. Is -1 + -1 - (-4 + 0 + a) a prime number?
False
Suppose 31*f - 162 = -7. Suppose -20*z + f*z = -596415. Is z composite?
False
Let a = 663 - 666. Let z(j) = 2376*j**2 - 18*j - 61. Is z(a) composite?
False
Suppose -7*i + 18 + 52 = 0. Let p = 3781 + -10076. Is (-4 - -2)/(i/p) a composite number?
False
Let b(d) = d**3 + 16*d**2 + 47*d + 599. Let r be b(-14). Let j be (-6)/4*(-256)/6. Let a = r + j. Is a composite?
False
Let t be (13/5 + 1)/((-96)/258560). Let r = t + 22213. Is r prime?
True
Let l(p) = -267*p - 317. Suppose 4*y + 30 = -3*b, -3*y - 39 = -6*b + 11*b. Is l(b) a prime number?
False
Suppose -3*b = 5*j - 60, 0*b + j = -4*b + 80. Suppose -5*z + 0*m + 5*m = -22710, 4*m - b = 0. Is z a prime number?
True
Let a(v) = v**3 - 4*v**2 - 10. Let p be a(5). Suppose -4*w = -w + p. Is 3880/25 - ((-11)/w - 2) a prime number?
False
Suppose 6*c + 5*c + c = 0. Suppose 2*f = 2*o + 1598, -3*f + 2*f + 4*o + 799 = c. Is f prime?
False
Suppose -3*k + 134 = 5*y + 27, k + 5*y = 49. Let i = k - 29. Suppose 301 = 4*o + 5*n, 85 = o - 2*n - i*n. Is o a prime number?
True
Suppose 0 = 2*g + 2*g - 980. Suppose 0 = 2*s + 5*p - 168, -2*p - 2*p + g = 3*s. Is (-6 - s)*(-2 + (-3)/(-3)) prime?
False
Suppose 16*r - 11*r + 5*z = 345680, -69178 = -r + 5*z. Is r prime?
True
Let t(k) = 53*k**3 + 2*k**2 + 8*k + 17. Let p be t(6). Suppose 5*w - p = 3*b - 0*b, -3*w - 3*b = -6951. Is w prime?
False
Suppose -14*h + 3*h + 68*h = 17117043. Is h a prime number?
True
Suppose -11*p - 16 = -3*p. Let z be p*4*(-4)/(-32). Let a(q) = -346*q**3 - q**2 - q. Is a(z) prime?
False
Let n = 2307 + -1684. Is n prime?
False
Suppose 5*t = 5*s - 5, -2*t + 2 = s - 8. Let q be 890 + (0/1 - t). Suppose 5*c = 3*o + 8687, -860 = -c + 3*o + q. Is c prime?
False
Let z be -6 + (3 - -7396)*1. Let i = 13782 - z. Is i a composite number?
False
Let x be (-43)/7 - (-1)/7. Is x/(-4)*(-19672)/(-12) a composite number?
False
Let c(y) = -y**3 - 16*y**2 - 20*y - 24. Let o be c(-21). Let j = -716 + o. Suppose -3*q - r - j = -6*q, -4*q = -3*r - 2510. Is q a prime number?
False
Let m = 4759 - 7688. Let u = -950 - m. Is u composite?
False
Let c(a) = -219*a**3 + 25*a**2 + 57*a + 9. Is c(-8) composite?
True
Let b(s) = 886*s**3 + s**2 - s + 1. Let c = -21 + -25. Let d = -45 - c. Is b(d) composite?
False
Suppose 0 = 10*s - 3*s - 108773. Is s a prime number?
False
Let a = -19937 + 36367. Suppose 10*r - 9260 = a. Is r a composite number?
True
Let m = -17 - -20. Suppose 6 - 15 = -m*h. Suppose -3*p = -y + 2*y - 1058, -p = -h*y + 3124. Is y a prime number?
False
Let o be (5/(-5))/(((-1)/123)/1). Let a = -115 + o. Suppose 0*r = a*r - 7672. Is r a composite number?
True
Suppose -p + 8 + 0 = -3*x, 0 = 3*x - 2*p + 13. Let g(y) = -840*y + 1. Is g(x) a prime number?
False
Let x = 1 - -29. Let w = 39 - x. Suppose -13*p + 2716 = -w*p. Is p composite?
True
Let d be (1 - 0)/(6/80490*-5). Let r = d + 6474. Is r composite?
True
Let t(h) = -5 - 11 - 4*h**2 + 4*h - h + 11*h. Let j be t(6). Is 3/((-3)/2)*132658/j composite?
False
Let j(n) = 5*n - 19. Let o be j(-4). Let z = -36 - o. Suppose 4*y = z*y + 2629. Is y prime?
False
Is 325824 - (-11)/(143/(-221)) a prime number?
True
Suppose 4*g - 2*v = 15676, -8413 - 11212 = -5*g - 5*v. Suppose 16*b + g - 15969 = 0. Is b a prime number?
False
Suppose 0 = -2*v - 5*i + 441504, 25*i + 1103739 = 5*v + 27*i. Is v a composite number?
False
Suppose 3*u = 2*l - 66911, -29*u + 34*u = -4*l + 133789. Is l a prime number?
False
Is 8/(-10) - 2*((-56428428)/20)/21 a composite number?
True
Suppose -4*d + 95 = 2*q + d, q + 2*d = 48. Let v = 50 - q. Suppose -7*p = -v*p - 833. Is p prime?
False
Suppose 184741 = 5*l - 216*t + 214*t, 0 = -l - 4*t + 36935. Is l a prime number?
True
Suppose -144*r + 149*r = 33185. Is r a composite number?
False
Is ((-770)/350 + 38)/((-2)/(8390/(-1))) composite?
True
Suppose 3*j - 15 = 3*i, 2*j - 5*i + 4*i - 10 = 0. Suppose 2*q = j*q. Suppose -9*p + 5*p + 844 = q. Is p a prime number?
True
Let x = -1514 + 7393. Suppose 0 = 5*k - k - 2*p - 5886, -4*k - 5*p + x = 0. Is k a prime number?
True
Let t(s) = -179*s**2 + 36 + 3*s - 4*s + 102*s**2 + 98*s**2 + 11. Let h(q) = -q - 9. Let a be h(0). Is t(a) a prime number?
False
Is (-3)/(-2)*997142782/1587 composite?
False
Let o = 27086 - -21023. Is o a composite number?
False
Let j = -391851 - -686854. Is j a prime number?
False
Let n = -135 - -244. Let w = n + 402. Is w a composite number?
True
Let x(r) = 2*r + 10. Let n be x(-4). Let j be 9/(-18) + (-1)/n. Is (-2 - -